{"id":1478,"date":"2019-10-07T09:32:48","date_gmt":"2019-10-07T09:32:48","guid":{"rendered":"http:\/\/castellgardenylleida.com\/?page_id=1478"},"modified":"2019-10-23T09:45:58","modified_gmt":"2019-10-23T09:45:58","slug":"transparencia","status":"publish","type":"page","link":"https:\/\/castellgardenylleida.com\/ca\/transparencia\/","title":{"rendered":"Transpar\u00e8ncia"},"content":{"rendered":"<div class=\"wpb-content-wrapper\"><div class=\"vc_row wpb_row vc_row-fluid shape_divider_top-none shape_divider_bottom-none\"><div class=\"wpb_column vc_column_container vc_col-sm-12 sc_layouts_column_icons_position_left\"><div class=\"vc_column-inner\"><div class=\"wpb_wrapper\"><div class=\"vc_empty_space\"   style=\"height: 32px\"><span class=\"vc_empty_space_inner\"><\/span><\/div>\n\t<div class=\"wpb_text_column wpb_content_element\" >\n\t\t<div class=\"wpb_wrapper\">\n\t\t\t<h2>TRANSPAR\u00c8NCIA<\/h2>\n\n\t\t<\/div>\n\t<\/div>\n<div class=\"vc_empty_space\"   style=\"height: 32px\"><span class=\"vc_empty_space_inner\"><\/span><\/div><div  class=\"vc_wp_text wpb_content_element\"><div class=\"widget widget_text\">\t\t\t<div class=\"textwidget\"><\/p>\n<p style=\"font-weight: 400;\">La finalitat de l\u2019Associaci\u00f3 Cultural Castell de Gardeny estan recollides en els estatus i aquestes s\u00f3n:<\/p>\n<p>&nbsp;<\/p>\n<ol>\n<li style=\"font-weight: 400;\">Fomentar i promoure el coneixement i la difusi\u00f3 de tots els aspectes del Castell de Gardeny, de tot el tur\u00f3 i del seu entorn, tan en l\u2019\u00e0mbit local, comarcal, regional, nacional, estatal i internacional.<\/li>\n<li style=\"font-weight: 400;\">Divulgar el passat i present del conjunt monumental i de tot el tur\u00f3 i projectar la seva import\u00e0ncia vers el futur.<\/li>\n<li style=\"font-weight: 400;\">Agermanar el Tur\u00f3 de Gardeny amb el de la Seu Vella de Lleida pel car\u00e0cter monumental que\u00a0comparteixen i pel seu paper tant significatiu en la hist\u00f2ria de Lleida<strong>.<\/strong><\/li>\n<li style=\"font-weight: 400;\">Contribuir a l\u2019estudi art\u00edstic, hist\u00f2ric, arqueol\u00f2gic, arquitect\u00f2nic, cultural, social del Castell de Gardeny, de l\u2019entorn i zona d\u2019influ\u00e8ncia.<\/li>\n<li style=\"font-weight: 400;\">Promocionar i patrocinar la reconstrucci\u00f3 del conjunt monumental i del seu en entorn. Dignificar defensar i protegir i contribuir a la seva\u00a0 revitalitzaci\u00f3.<\/li>\n<li style=\"font-weight: 400;\">Aconseguir ajuts i suports econ\u00f2mics o d\u2019altra mena, d\u2019organismes i institucions p\u00fablics, aix\u00ed com d\u2019associacions, entitats, empreses o ciutadans i ciutadanes individualment considerats per a la reconstrucci\u00f3, rehabilitaci\u00f3 progressiva i ordenada del conjunt monumental i del seu entorn, aix\u00ed com destinar\u00a0 les aportacions que l\u2019associaci\u00f3 disposi en la consecuci\u00f3 dels objectius o fins indicats.<\/li>\n<li style=\"font-weight: 400;\">Cooperar i col\u00b7laborar amb els propietaris, administradors, etc\u2026 del conjunt monumental del castell i l\u2019entorn per tal de realitzar aquelles actuacions que suposin un benefici.<\/li>\n<\/ol>\n<p>\n<\/div>\n\t\t<\/div><\/div><div class=\"vc_empty_space\"   style=\"height: 32px\"><span class=\"vc_empty_space_inner\"><\/span><\/div><\/div><\/div><\/div><\/div>\n<\/div>","protected":false},"excerpt":{"rendered":"TRANSPAR\u00c8NCIA La finalitat de l\u2019Associaci\u00f3 Cultural Castell de Gardeny estan recollides en els estatus i aquestes s\u00f3n: &nbsp; Fomentar i promoure el coneixement i la difusi\u00f3 de tots els aspectes del Castell de Gardeny, de&hellip;","protected":false},"author":1,"featured_media":0,"parent":0,"menu_order":0,"comment_status":"closed","ping_status":"closed","template":"","meta":{"footnotes":""},"class_list":["post-1478","page","type-page","status-publish","hentry"],"yoast_head":"<!-- This site is optimized with the Yoast SEO plugin v24.8.1 - https:\/\/yoast.com\/wordpress\/plugins\/seo\/ -->\n<title>Transpar\u00e8ncia - Castell Gardeny Lleida<\/title>\n<meta name=\"robots\" content=\"index, follow, max-snippet:-1, max-image-preview:large, max-video-preview:-1\" \/>\n<link rel=\"canonical\" href=\"https:\/\/castellgardenylleida.com\/ca\/transparencia\/\" \/>\n<meta property=\"og:locale\" content=\"ca_ES\" \/>\n<meta property=\"og:type\" content=\"article\" \/>\n<meta property=\"og:title\" content=\"Transpar\u00e8ncia - Castell Gardeny Lleida\" \/>\n<meta property=\"og:url\" content=\"https:\/\/castellgardenylleida.com\/ca\/transparencia\/\" \/>\n<meta property=\"og:site_name\" content=\"Castell Gardeny Lleida\" \/>\n<meta property=\"article:modified_time\" content=\"2019-10-23T09:45:58+00:00\" \/>\n<meta name=\"twitter:card\" content=\"summary_large_image\" \/>\n<meta name=\"twitter:label1\" content=\"Temps estimat de lectura\" \/>\n\t<meta name=\"twitter:data1\" content=\"1 minut\" \/>\n<script type=\"application\/ld+json\" class=\"yoast-schema-graph\">{\"@context\":\"https:\/\/schema.org\",\"@graph\":[{\"@type\":\"WebPage\",\"@id\":\"https:\/\/castellgardenylleida.com\/ca\/transparencia\/\",\"url\":\"https:\/\/castellgardenylleida.com\/ca\/transparencia\/\",\"name\":\"Transpar\u00e8ncia - Castell Gardeny Lleida\",\"isPartOf\":{\"@id\":\"https:\/\/castellgardenylleida.com\/ca\/#website\"},\"datePublished\":\"2019-10-07T09:32:48+00:00\",\"dateModified\":\"2019-10-23T09:45:58+00:00\",\"breadcrumb\":{\"@id\":\"https:\/\/castellgardenylleida.com\/ca\/transparencia\/#breadcrumb\"},\"inLanguage\":\"ca\",\"potentialAction\":[{\"@type\":\"ReadAction\",\"target\":[\"https:\/\/castellgardenylleida.com\/ca\/transparencia\/\"]}]},{\"@type\":\"BreadcrumbList\",\"@id\":\"https:\/\/castellgardenylleida.com\/ca\/transparencia\/#breadcrumb\",\"itemListElement\":[{\"@type\":\"ListItem\",\"position\":1,\"name\":\"Portada\",\"item\":\"https:\/\/castellgardenylleida.com\/\"},{\"@type\":\"ListItem\",\"position\":2,\"name\":\"Transpar\u00e8ncia\"}]},{\"@type\":\"WebSite\",\"@id\":\"https:\/\/castellgardenylleida.com\/ca\/#website\",\"url\":\"https:\/\/castellgardenylleida.com\/ca\/\",\"name\":\"Castell Gardeny Lleida\",\"description\":\"turo de gardeny\",\"publisher\":{\"@id\":\"https:\/\/castellgardenylleida.com\/ca\/#organization\"},\"potentialAction\":[{\"@type\":\"SearchAction\",\"target\":{\"@type\":\"EntryPoint\",\"urlTemplate\":\"https:\/\/castellgardenylleida.com\/ca\/?s={search_term_string}\"},\"query-input\":{\"@type\":\"PropertyValueSpecification\",\"valueRequired\":true,\"valueName\":\"search_term_string\"}}],\"inLanguage\":\"ca\"},{\"@type\":\"Organization\",\"@id\":\"https:\/\/castellgardenylleida.com\/ca\/#organization\",\"name\":\"Castell Gardeny Lleida\",\"url\":\"https:\/\/castellgardenylleida.com\/ca\/\",\"logo\":{\"@type\":\"ImageObject\",\"inLanguage\":\"ca\",\"@id\":\"https:\/\/castellgardenylleida.com\/ca\/#\/schema\/logo\/image\/\",\"url\":\"https:\/\/castellgardenylleida.com\/wp-content\/uploads\/2019\/09\/cropped-LOGOTIP_ACCG_blanc.png\",\"contentUrl\":\"https:\/\/castellgardenylleida.com\/wp-content\/uploads\/2019\/09\/cropped-LOGOTIP_ACCG_blanc.png\",\"width\":500,\"height\":199,\"caption\":\"Castell Gardeny Lleida\"},\"image\":{\"@id\":\"https:\/\/castellgardenylleida.com\/ca\/#\/schema\/logo\/image\/\"}}]}<\/script>\n<!-- \/ Yoast SEO plugin. -->","yoast_head_json":{"title":"Transpar\u00e8ncia - Castell Gardeny Lleida","robots":{"index":"index","follow":"follow","max-snippet":"max-snippet:-1","max-image-preview":"max-image-preview:large","max-video-preview":"max-video-preview:-1"},"canonical":"https:\/\/castellgardenylleida.com\/ca\/transparencia\/","og_locale":"ca_ES","og_type":"article","og_title":"Transpar\u00e8ncia - Castell Gardeny Lleida","og_url":"https:\/\/castellgardenylleida.com\/ca\/transparencia\/","og_site_name":"Castell Gardeny Lleida","article_modified_time":"2019-10-23T09:45:58+00:00","twitter_card":"summary_large_image","twitter_misc":{"Temps estimat de lectura":"1 minut"},"schema":{"@context":"https:\/\/schema.org","@graph":[{"@type":"WebPage","@id":"https:\/\/castellgardenylleida.com\/ca\/transparencia\/","url":"https:\/\/castellgardenylleida.com\/ca\/transparencia\/","name":"Transpar\u00e8ncia - Castell Gardeny Lleida","isPartOf":{"@id":"https:\/\/castellgardenylleida.com\/ca\/#website"},"datePublished":"2019-10-07T09:32:48+00:00","dateModified":"2019-10-23T09:45:58+00:00","breadcrumb":{"@id":"https:\/\/castellgardenylleida.com\/ca\/transparencia\/#breadcrumb"},"inLanguage":"ca","potentialAction":[{"@type":"ReadAction","target":["https:\/\/castellgardenylleida.com\/ca\/transparencia\/"]}]},{"@type":"BreadcrumbList","@id":"https:\/\/castellgardenylleida.com\/ca\/transparencia\/#breadcrumb","itemListElement":[{"@type":"ListItem","position":1,"name":"Portada","item":"https:\/\/castellgardenylleida.com\/"},{"@type":"ListItem","position":2,"name":"Transpar\u00e8ncia"}]},{"@type":"WebSite","@id":"https:\/\/castellgardenylleida.com\/ca\/#website","url":"https:\/\/castellgardenylleida.com\/ca\/","name":"Castell Gardeny Lleida","description":"turo de gardeny","publisher":{"@id":"https:\/\/castellgardenylleida.com\/ca\/#organization"},"potentialAction":[{"@type":"SearchAction","target":{"@type":"EntryPoint","urlTemplate":"https:\/\/castellgardenylleida.com\/ca\/?s={search_term_string}"},"query-input":{"@type":"PropertyValueSpecification","valueRequired":true,"valueName":"search_term_string"}}],"inLanguage":"ca"},{"@type":"Organization","@id":"https:\/\/castellgardenylleida.com\/ca\/#organization","name":"Castell Gardeny Lleida","url":"https:\/\/castellgardenylleida.com\/ca\/","logo":{"@type":"ImageObject","inLanguage":"ca","@id":"https:\/\/castellgardenylleida.com\/ca\/#\/schema\/logo\/image\/","url":"https:\/\/castellgardenylleida.com\/wp-content\/uploads\/2019\/09\/cropped-LOGOTIP_ACCG_blanc.png","contentUrl":"https:\/\/castellgardenylleida.com\/wp-content\/uploads\/2019\/09\/cropped-LOGOTIP_ACCG_blanc.png","width":500,"height":199,"caption":"Castell Gardeny Lleida"},"image":{"@id":"https:\/\/castellgardenylleida.com\/ca\/#\/schema\/logo\/image\/"}}]}},"_links":{"self":[{"href":"https:\/\/castellgardenylleida.com\/ca\/wp-json\/wp\/v2\/pages\/1478","targetHints":{"allow":["GET"]}}],"collection":[{"href":"https:\/\/castellgardenylleida.com\/ca\/wp-json\/wp\/v2\/pages"}],"about":[{"href":"https:\/\/castellgardenylleida.com\/ca\/wp-json\/wp\/v2\/types\/page"}],"author":[{"embeddable":true,"href":"https:\/\/castellgardenylleida.com\/ca\/wp-json\/wp\/v2\/users\/1"}],"replies":[{"embeddable":true,"href":"https:\/\/castellgardenylleida.com\/ca\/wp-json\/wp\/v2\/comments?post=1478"}],"version-history":[{"count":5,"href":"https:\/\/castellgardenylleida.com\/ca\/wp-json\/wp\/v2\/pages\/1478\/revisions"}],"predecessor-version":[{"id":1649,"href":"https:\/\/castellgardenylleida.com\/ca\/wp-json\/wp\/v2\/pages\/1478\/revisions\/1649"}],"wp:attachment":[{"href":"https:\/\/castellgardenylleida.com\/ca\/wp-json\/wp\/v2\/media?parent=1478"}],"curies":[{"name":"wp","href":"https:\/\/api.w.org\/{rel}","templated":true}]}}

Transparència

<div class="wpb-content-wrapper"><div class="vc_row wpb_row vc_row-fluid shape_divider_top-none shape_divider_bottom-none"><div class="wpb_column vc_column_container vc_col-sm-12 sc_layouts_column_icons_position_left"><div class="vc_column-inner"><div class="wpb_wrapper"><div class="vc_empty_space"   style="height: 32px"><span class="vc_empty_space_inner"></span></div>
	<div class="wpb_text_column wpb_content_element" >
		<div class="wpb_wrapper">
			<h2>TRANSPARÈNCIA</h2>

		</div>
	</div>
<div class="vc_empty_space"   style="height: 32px"><span class="vc_empty_space_inner"></span></div><div  class="vc_wp_text wpb_content_element"><div class="widget widget_text">			<div class="textwidget"></p>
<p style="font-weight: 400;">La finalitat de l’Associació Cultural Castell de Gardeny estan recollides en els estatus i aquestes són:</p>
<p>&nbsp;</p>
<ol>
<li style="font-weight: 400;">Fomentar i promoure el coneixement i la difusió de tots els aspectes del Castell de Gardeny, de tot el turó i del seu entorn, tan en l’àmbit local, comarcal, regional, nacional, estatal i internacional.</li>
<li style="font-weight: 400;">Divulgar el passat i present del conjunt monumental i de tot el turó i projectar la seva importància vers el futur.</li>
<li style="font-weight: 400;">Agermanar el Turó de Gardeny amb el de la Seu Vella de Lleida pel caràcter monumental que comparteixen i pel seu paper tant significatiu en la història de Lleida<strong>.</strong></li>
<li style="font-weight: 400;">Contribuir a l’estudi artístic, històric, arqueològic, arquitectònic, cultural, social del Castell de Gardeny, de l’entorn i zona d’influència.</li>
<li style="font-weight: 400;">Promocionar i patrocinar la reconstrucció del conjunt monumental i del seu en entorn. Dignificar defensar i protegir i contribuir a la seva  revitalització.</li>
<li style="font-weight: 400;">Aconseguir ajuts i suports econòmics o d’altra mena, d’organismes i institucions públics, així com d’associacions, entitats, empreses o ciutadans i ciutadanes individualment considerats per a la reconstrucció, rehabilitació progressiva i ordenada del conjunt monumental i del seu entorn, així com destinar  les aportacions que l’associació disposi en la consecució dels objectius o fins indicats.</li>
<li style="font-weight: 400;">Cooperar i col·laborar amb els propietaris, administradors, etc… del conjunt monumental del castell i l’entorn per tal de realitzar aquelles actuacions que suposin un benefici.</li>
</ol>
<p>
</div>
		</div></div><div class="vc_empty_space"   style="height: 32px"><span class="vc_empty_space_inner"></span></div></div></div></div></div>
</div>

TRANSPARÈNCIA La finalitat de l’Associació Cultural Castell de Gardeny estan recollides en els estatus i aquestes són: &nbsp; Fomentar i promoure el coneixement i la difusió de tots els aspectes del Castell de Gardeny, de&hellip;

<!-- This site is optimized with the Yoast SEO plugin v24.8.1 - https://yoast.com/wordpress/plugins/seo/ -->
<title>Transparència - Castell Gardeny Lleida</title>
<meta name="robots" content="index, follow, max-snippet:-1, max-image-preview:large, max-video-preview:-1" />
<link rel="canonical" href="https://castellgardenylleida.com/ca/transparencia/" />
<meta property="og:locale" content="ca_ES" />
<meta property="og:type" content="article" />
<meta property="og:title" content="Transparència - Castell Gardeny Lleida" />
<meta property="og:url" content="https://castellgardenylleida.com/ca/transparencia/" />
<meta property="og:site_name" content="Castell Gardeny Lleida" />
<meta property="article:modified_time" content="2019-10-23T09:45:58+00:00" />
<meta name="twitter:card" content="summary_large_image" />
<meta name="twitter:label1" content="Temps estimat de lectura" />
	<meta name="twitter:data1" content="1 minut" />
<script type="application/ld+json" class="yoast-schema-graph">{"@context":"https://schema.org","@graph":[{"@type":"WebPage","@id":"https://castellgardenylleida.com/ca/transparencia/","url":"https://castellgardenylleida.com/ca/transparencia/","name":"Transparència - Castell Gardeny Lleida","isPartOf":{"@id":"https://castellgardenylleida.com/ca/#website"},"datePublished":"2019-10-07T09:32:48+00:00","dateModified":"2019-10-23T09:45:58+00:00","breadcrumb":{"@id":"https://castellgardenylleida.com/ca/transparencia/#breadcrumb"},"inLanguage":"ca","potentialAction":[{"@type":"ReadAction","target":["https://castellgardenylleida.com/ca/transparencia/"]}]},{"@type":"BreadcrumbList","@id":"https://castellgardenylleida.com/ca/transparencia/#breadcrumb","itemListElement":[{"@type":"ListItem","position":1,"name":"Portada","item":"https://castellgardenylleida.com/"},{"@type":"ListItem","position":2,"name":"Transparència"}]},{"@type":"WebSite","@id":"https://castellgardenylleida.com/ca/#website","url":"https://castellgardenylleida.com/ca/","name":"Castell Gardeny Lleida","description":"turo de gardeny","publisher":{"@id":"https://castellgardenylleida.com/ca/#organization"},"potentialAction":[{"@type":"SearchAction","target":{"@type":"EntryPoint","urlTemplate":"https://castellgardenylleida.com/ca/?s={search_term_string}"},"query-input":{"@type":"PropertyValueSpecification","valueRequired":true,"valueName":"search_term_string"}}],"inLanguage":"ca"},{"@type":"Organization","@id":"https://castellgardenylleida.com/ca/#organization","name":"Castell Gardeny Lleida","url":"https://castellgardenylleida.com/ca/","logo":{"@type":"ImageObject","inLanguage":"ca","@id":"https://castellgardenylleida.com/ca/#/schema/logo/image/","url":"https://castellgardenylleida.com/wp-content/uploads/2019/09/cropped-LOGOTIP_ACCG_blanc.png","contentUrl":"https://castellgardenylleida.com/wp-content/uploads/2019/09/cropped-LOGOTIP_ACCG_blanc.png","width":500,"height":199,"caption":"Castell Gardeny Lleida"},"image":{"@id":"https://castellgardenylleida.com/ca/#/schema/logo/image/"}}]}</script>
<!-- / Yoast SEO plugin. -->

Transparència - Castell Gardeny Lleida
