{"id":1362,"date":"2019-09-27T05:36:43","date_gmt":"2019-09-27T05:36:43","guid":{"rendered":"http:\/\/castellgardenylleida.com\/?page_id=1362"},"modified":"2025-10-21T08:48:48","modified_gmt":"2025-10-21T08:48:48","slug":"qui-som","status":"publish","type":"page","link":"https:\/\/castellgardenylleida.com\/ca\/qui-som\/","title":{"rendered":"QUI SOM"},"content":{"rendered":"<div class=\"wpb-content-wrapper\"><div class=\"vc_row wpb_row vc_row-fluid shape_divider_top-none shape_divider_bottom-none\"><div class=\"wpb_column vc_column_container vc_col-sm-12 sc_layouts_column_icons_position_left\"><div class=\"vc_column-inner\"><div class=\"wpb_wrapper\"><div class=\"vc_empty_space  hide_on_desktop hide_on_notebook hide_on_tablet\"   style=\"height: 30rem\"><span class=\"vc_empty_space_inner\"><\/span><\/div><div class=\"vc_empty_space\"   style=\"height: 10rem\"><span class=\"vc_empty_space_inner\"><\/span><\/div>\n\t<div  class=\"wpb_single_image wpb_content_element vc_align_center wpb_content_element\">\n\t\t\n\t\t<figure class=\"wpb_wrapper vc_figure\">\n\t\t\t<div class=\"vc_single_image-wrapper   vc_box_border_grey\"><img decoding=\"async\" width=\"600\" height=\"243\" data-src=\"https:\/\/castellgardenylleida.com\/wp-content\/uploads\/2019\/09\/logoqusom.png\" class=\"vc_single_image-img attachment-full lazyload\" alt=\"\" title=\"logoqusom\" data-srcset=\"https:\/\/castellgardenylleida.com\/wp-content\/uploads\/2019\/09\/logoqusom.png 600w, https:\/\/castellgardenylleida.com\/wp-content\/uploads\/2019\/09\/logoqusom-300x122.png 300w, https:\/\/castellgardenylleida.com\/wp-content\/uploads\/2019\/09\/logoqusom-370x150.png 370w\" data-sizes=\"(max-width: 600px) 100vw, 600px\" src=\"data:image\/gif;base64,R0lGODlhAQABAAAAACH5BAEKAAEALAAAAAABAAEAAAICTAEAOw==\" style=\"--smush-placeholder-width: 600px; --smush-placeholder-aspect-ratio: 600\/243;\" \/><\/div>\n\t\t<\/figure>\n\t<\/div>\n<div id=\"sc_title_1093371949\"\n\t\tclass=\"sc_title color_style_default sc_title_default\"><h2 class=\"sc_item_title sc_title_title sc_align_left sc_item_title_style_default\">QUI SOM<\/h2><div class=\"sc_item_descr sc_title_descr sc_align_left\"><p>L\u2019Associaci\u00f3 Cultural Castell de Gardeny \u00e9s el resultat de la suma d\u2019inquietuds per part d\u2019un grup de persones de l\u2019\u00e0mbit de la cultura, de l\u2019art, de la pol\u00edtica, de l\u2019educaci\u00f3 i de la societat en general de Lleida, pel passat i el futur del nostre patrimoni art\u00edstic, hist\u00f2ric i cultural i, en especial pel Castell de Gardeny i pel seu entorn.<\/p>\n<p>L\u2019associaci\u00f3 vol fomentar i promoure el coneixement i la difusi\u00f3 de tots els aspectes del Castell de Gardeny, de tot el tur\u00f3 i del seu entorn, tan en l\u2019\u00e0mbit local, comarcal, regional, nacional, estatal i internacional. Amb el prop\u00f2sit de divulgar el seu passat i present i projectar la seva import\u00e0ncia vers el futur. Amb la intenci\u00f3 d\u2019agermanar el Tur\u00f3 de Gardeny amb el de la Seu Vella de Lleida pel car\u00e0cter monumental que comparteixen i pel seu paper tant significatiu en la hist\u00f2ria de Lleida. Amb el desig de contribuir a l\u2019estudi art\u00edstic, hist\u00f2ric, arqueol\u00f2gic, arquitect\u00f2nic, cultural, social del Castell de Gardeny i del seu entorn i zona d\u2019influ\u00e8ncia. Amb la idea de promocionar i patrocinar la reconstrucci\u00f3 del conjunt monumental i del seu en entorn. Amb la voluntat de dignificar defensar i protegir i contribuir a la seva revitalitzaci\u00f3. Amb la intenci\u00f3 d\u2019aconseguir ajuts i suports econ\u00f2mics o d\u2019altra mena, d\u2019organismes i institucions p\u00fablics, aix\u00ed com d\u2019associacions, entitats, empreses o ciutadans i ciutadanes individualment considerats per a la reconstrucci\u00f3, rehabilitaci\u00f3 progressiva i ordenada del conjunt monumental i del seu entorn i cooperar i col\u00b7laborar amb els propietaris, administradors, etc\u2026 del conjunt monumental del castell i de l\u2019entorn per tal de realitzar aquelles actuacions que suposin un benefici.<\/p>\n<p>Estem conven\u00e7uts que el Castell de Gardeny \u00e9s un dels punts m\u00e9s emblem\u00e0tics de la ciutat de Lleida. La seva historia, fermament lligada al passat de la nostra ciutat i del seu entorn, \u00e9s pe\u00e7a clau de la nostra idiosincr\u00e0sia. Els romans i els templers hi van deixar la seva empremta al Tur\u00f3 de Gardeny, i la seva hist\u00f2ria i la seva llegenda tamb\u00e9 es va gestar a Gardeny. Cultures com la \u00edbera i la isl\u00e0mica tamb\u00e9 hi van passar. I com a tur\u00f3 dominador del seu entorn i guarda de la seu Vella ha participar en esdeveniments hist\u00f2rics tan importants com la Guerra del Segadors, la de Successi\u00f3, la del Franc\u00e8s i la Guerra Civil modelant el que avui coneixem com a Tur\u00f3 de Gardeny i, en el seu domini, el castell de Gardeny<\/p>\n<\/div><\/div><!-- \/.sc_title --><div class=\"vc_empty_space\"   style=\"height: 4rem\"><span class=\"vc_empty_space_inner\"><\/span><\/div><\/div><\/div><\/div><\/div><div class=\"vc_row wpb_row vc_row-fluid shape_divider_top-none shape_divider_bottom-none\"><div class=\"wpb_column vc_column_container vc_col-sm-12 sc_layouts_column_icons_position_left\"><div class=\"vc_column-inner\"><div class=\"wpb_wrapper\"><div class=\"vc_empty_space\"   style=\"height: 10rem\"><span class=\"vc_empty_space_inner\"><\/span><\/div><\/div><\/div><\/div><\/div>\n<\/div>","protected":false},"excerpt":{"rendered":"QUI SOML\u2019Associaci\u00f3 Cultural Castell de Gardeny \u00e9s el resultat de la suma d\u2019inquietuds per part d\u2019un grup de persones de l\u2019\u00e0mbit de la cultura, de l\u2019art, de la pol\u00edtica, de l\u2019educaci\u00f3 i de la societat&hellip;","protected":false},"author":1,"featured_media":0,"parent":0,"menu_order":0,"comment_status":"closed","ping_status":"closed","template":"","meta":{"footnotes":""},"class_list":["post-1362","page","type-page","status-publish","hentry"],"yoast_head":"<!-- This site is optimized with the Yoast SEO plugin v24.8.1 - https:\/\/yoast.com\/wordpress\/plugins\/seo\/ -->\n<title>QUI SOM - Castell Gardeny Lleida<\/title>\n<meta name=\"robots\" content=\"index, follow, max-snippet:-1, max-image-preview:large, max-video-preview:-1\" \/>\n<link rel=\"canonical\" href=\"https:\/\/castellgardenylleida.com\/ca\/qui-som\/\" \/>\n<meta property=\"og:locale\" content=\"ca_ES\" \/>\n<meta property=\"og:type\" content=\"article\" \/>\n<meta property=\"og:title\" content=\"QUI SOM - Castell Gardeny Lleida\" \/>\n<meta property=\"og:url\" content=\"https:\/\/castellgardenylleida.com\/ca\/qui-som\/\" \/>\n<meta property=\"og:site_name\" content=\"Castell Gardeny Lleida\" \/>\n<meta property=\"article:modified_time\" content=\"2025-10-21T08:48:48+00:00\" \/>\n<meta name=\"twitter:card\" content=\"summary_large_image\" \/>\n<meta name=\"twitter:label1\" content=\"Temps estimat de lectura\" \/>\n\t<meta name=\"twitter:data1\" content=\"2 minuts\" \/>\n<script type=\"application\/ld+json\" class=\"yoast-schema-graph\">{\"@context\":\"https:\/\/schema.org\",\"@graph\":[{\"@type\":\"WebPage\",\"@id\":\"https:\/\/castellgardenylleida.com\/ca\/qui-som\/\",\"url\":\"https:\/\/castellgardenylleida.com\/ca\/qui-som\/\",\"name\":\"QUI SOM - Castell Gardeny Lleida\",\"isPartOf\":{\"@id\":\"https:\/\/castellgardenylleida.com\/ca\/#website\"},\"datePublished\":\"2019-09-27T05:36:43+00:00\",\"dateModified\":\"2025-10-21T08:48:48+00:00\",\"breadcrumb\":{\"@id\":\"https:\/\/castellgardenylleida.com\/ca\/qui-som\/#breadcrumb\"},\"inLanguage\":\"ca\",\"potentialAction\":[{\"@type\":\"ReadAction\",\"target\":[\"https:\/\/castellgardenylleida.com\/ca\/qui-som\/\"]}]},{\"@type\":\"BreadcrumbList\",\"@id\":\"https:\/\/castellgardenylleida.com\/ca\/qui-som\/#breadcrumb\",\"itemListElement\":[{\"@type\":\"ListItem\",\"position\":1,\"name\":\"Portada\",\"item\":\"https:\/\/castellgardenylleida.com\/\"},{\"@type\":\"ListItem\",\"position\":2,\"name\":\"QUI SOM\"}]},{\"@type\":\"WebSite\",\"@id\":\"https:\/\/castellgardenylleida.com\/ca\/#website\",\"url\":\"https:\/\/castellgardenylleida.com\/ca\/\",\"name\":\"Castell Gardeny Lleida\",\"description\":\"turo de gardeny\",\"publisher\":{\"@id\":\"https:\/\/castellgardenylleida.com\/ca\/#organization\"},\"potentialAction\":[{\"@type\":\"SearchAction\",\"target\":{\"@type\":\"EntryPoint\",\"urlTemplate\":\"https:\/\/castellgardenylleida.com\/ca\/?s={search_term_string}\"},\"query-input\":{\"@type\":\"PropertyValueSpecification\",\"valueRequired\":true,\"valueName\":\"search_term_string\"}}],\"inLanguage\":\"ca\"},{\"@type\":\"Organization\",\"@id\":\"https:\/\/castellgardenylleida.com\/ca\/#organization\",\"name\":\"Castell Gardeny Lleida\",\"url\":\"https:\/\/castellgardenylleida.com\/ca\/\",\"logo\":{\"@type\":\"ImageObject\",\"inLanguage\":\"ca\",\"@id\":\"https:\/\/castellgardenylleida.com\/ca\/#\/schema\/logo\/image\/\",\"url\":\"https:\/\/castellgardenylleida.com\/wp-content\/uploads\/2019\/09\/cropped-LOGOTIP_ACCG_blanc.png\",\"contentUrl\":\"https:\/\/castellgardenylleida.com\/wp-content\/uploads\/2019\/09\/cropped-LOGOTIP_ACCG_blanc.png\",\"width\":500,\"height\":199,\"caption\":\"Castell Gardeny Lleida\"},\"image\":{\"@id\":\"https:\/\/castellgardenylleida.com\/ca\/#\/schema\/logo\/image\/\"}}]}<\/script>\n<!-- \/ Yoast SEO plugin. -->","yoast_head_json":{"title":"QUI SOM - Castell Gardeny Lleida","robots":{"index":"index","follow":"follow","max-snippet":"max-snippet:-1","max-image-preview":"max-image-preview:large","max-video-preview":"max-video-preview:-1"},"canonical":"https:\/\/castellgardenylleida.com\/ca\/qui-som\/","og_locale":"ca_ES","og_type":"article","og_title":"QUI SOM - Castell Gardeny Lleida","og_url":"https:\/\/castellgardenylleida.com\/ca\/qui-som\/","og_site_name":"Castell Gardeny Lleida","article_modified_time":"2025-10-21T08:48:48+00:00","twitter_card":"summary_large_image","twitter_misc":{"Temps estimat de lectura":"2 minuts"},"schema":{"@context":"https:\/\/schema.org","@graph":[{"@type":"WebPage","@id":"https:\/\/castellgardenylleida.com\/ca\/qui-som\/","url":"https:\/\/castellgardenylleida.com\/ca\/qui-som\/","name":"QUI SOM - Castell Gardeny Lleida","isPartOf":{"@id":"https:\/\/castellgardenylleida.com\/ca\/#website"},"datePublished":"2019-09-27T05:36:43+00:00","dateModified":"2025-10-21T08:48:48+00:00","breadcrumb":{"@id":"https:\/\/castellgardenylleida.com\/ca\/qui-som\/#breadcrumb"},"inLanguage":"ca","potentialAction":[{"@type":"ReadAction","target":["https:\/\/castellgardenylleida.com\/ca\/qui-som\/"]}]},{"@type":"BreadcrumbList","@id":"https:\/\/castellgardenylleida.com\/ca\/qui-som\/#breadcrumb","itemListElement":[{"@type":"ListItem","position":1,"name":"Portada","item":"https:\/\/castellgardenylleida.com\/"},{"@type":"ListItem","position":2,"name":"QUI SOM"}]},{"@type":"WebSite","@id":"https:\/\/castellgardenylleida.com\/ca\/#website","url":"https:\/\/castellgardenylleida.com\/ca\/","name":"Castell Gardeny Lleida","description":"turo de gardeny","publisher":{"@id":"https:\/\/castellgardenylleida.com\/ca\/#organization"},"potentialAction":[{"@type":"SearchAction","target":{"@type":"EntryPoint","urlTemplate":"https:\/\/castellgardenylleida.com\/ca\/?s={search_term_string}"},"query-input":{"@type":"PropertyValueSpecification","valueRequired":true,"valueName":"search_term_string"}}],"inLanguage":"ca"},{"@type":"Organization","@id":"https:\/\/castellgardenylleida.com\/ca\/#organization","name":"Castell Gardeny Lleida","url":"https:\/\/castellgardenylleida.com\/ca\/","logo":{"@type":"ImageObject","inLanguage":"ca","@id":"https:\/\/castellgardenylleida.com\/ca\/#\/schema\/logo\/image\/","url":"https:\/\/castellgardenylleida.com\/wp-content\/uploads\/2019\/09\/cropped-LOGOTIP_ACCG_blanc.png","contentUrl":"https:\/\/castellgardenylleida.com\/wp-content\/uploads\/2019\/09\/cropped-LOGOTIP_ACCG_blanc.png","width":500,"height":199,"caption":"Castell Gardeny Lleida"},"image":{"@id":"https:\/\/castellgardenylleida.com\/ca\/#\/schema\/logo\/image\/"}}]}},"_links":{"self":[{"href":"https:\/\/castellgardenylleida.com\/ca\/wp-json\/wp\/v2\/pages\/1362","targetHints":{"allow":["GET"]}}],"collection":[{"href":"https:\/\/castellgardenylleida.com\/ca\/wp-json\/wp\/v2\/pages"}],"about":[{"href":"https:\/\/castellgardenylleida.com\/ca\/wp-json\/wp\/v2\/types\/page"}],"author":[{"embeddable":true,"href":"https:\/\/castellgardenylleida.com\/ca\/wp-json\/wp\/v2\/users\/1"}],"replies":[{"embeddable":true,"href":"https:\/\/castellgardenylleida.com\/ca\/wp-json\/wp\/v2\/comments?post=1362"}],"version-history":[{"count":16,"href":"https:\/\/castellgardenylleida.com\/ca\/wp-json\/wp\/v2\/pages\/1362\/revisions"}],"predecessor-version":[{"id":2462,"href":"https:\/\/castellgardenylleida.com\/ca\/wp-json\/wp\/v2\/pages\/1362\/revisions\/2462"}],"wp:attachment":[{"href":"https:\/\/castellgardenylleida.com\/ca\/wp-json\/wp\/v2\/media?parent=1362"}],"curies":[{"name":"wp","href":"https:\/\/api.w.org\/{rel}","templated":true}]}}

<div class="wpb-content-wrapper"><div class="vc_row wpb_row vc_row-fluid shape_divider_top-none shape_divider_bottom-none"><div class="wpb_column vc_column_container vc_col-sm-12 sc_layouts_column_icons_position_left"><div class="vc_column-inner"><div class="wpb_wrapper"><div class="vc_empty_space  hide_on_desktop hide_on_notebook hide_on_tablet"   style="height: 30rem"><span class="vc_empty_space_inner"></span></div><div class="vc_empty_space"   style="height: 10rem"><span class="vc_empty_space_inner"></span></div>
	<div  class="wpb_single_image wpb_content_element vc_align_center wpb_content_element">
		
		<figure class="wpb_wrapper vc_figure">
			<div class="vc_single_image-wrapper   vc_box_border_grey"><img decoding="async" width="600" height="243" data-src="https://castellgardenylleida.com/wp-content/uploads/2019/09/logoqusom.png" class="vc_single_image-img attachment-full lazyload" alt="" title="logoqusom" data-srcset="https://castellgardenylleida.com/wp-content/uploads/2019/09/logoqusom.png 600w, https://castellgardenylleida.com/wp-content/uploads/2019/09/logoqusom-300x122.png 300w, https://castellgardenylleida.com/wp-content/uploads/2019/09/logoqusom-370x150.png 370w" data-sizes="(max-width: 600px) 100vw, 600px" src="data:image/gif;base64,R0lGODlhAQABAAAAACH5BAEKAAEALAAAAAABAAEAAAICTAEAOw==" style="--smush-placeholder-width: 600px; --smush-placeholder-aspect-ratio: 600/243;" /></div>
		</figure>
	</div>
<div id="sc_title_1093371949"
		class="sc_title color_style_default sc_title_default"><h2 class="sc_item_title sc_title_title sc_align_left sc_item_title_style_default">QUI SOM</h2><div class="sc_item_descr sc_title_descr sc_align_left"><p>L’Associació Cultural Castell de Gardeny és el resultat de la suma d’inquietuds per part d’un grup de persones de l’àmbit de la cultura, de l’art, de la política, de l’educació i de la societat en general de Lleida, pel passat i el futur del nostre patrimoni artístic, històric i cultural i, en especial pel Castell de Gardeny i pel seu entorn.</p>
<p>L’associació vol fomentar i promoure el coneixement i la difusió de tots els aspectes del Castell de Gardeny, de tot el turó i del seu entorn, tan en l’àmbit local, comarcal, regional, nacional, estatal i internacional. Amb el propòsit de divulgar el seu passat i present i projectar la seva importància vers el futur. Amb la intenció d’agermanar el Turó de Gardeny amb el de la Seu Vella de Lleida pel caràcter monumental que comparteixen i pel seu paper tant significatiu en la història de Lleida. Amb el desig de contribuir a l’estudi artístic, històric, arqueològic, arquitectònic, cultural, social del Castell de Gardeny i del seu entorn i zona d’influència. Amb la idea de promocionar i patrocinar la reconstrucció del conjunt monumental i del seu en entorn. Amb la voluntat de dignificar defensar i protegir i contribuir a la seva revitalització. Amb la intenció d’aconseguir ajuts i suports econòmics o d’altra mena, d’organismes i institucions públics, així com d’associacions, entitats, empreses o ciutadans i ciutadanes individualment considerats per a la reconstrucció, rehabilitació progressiva i ordenada del conjunt monumental i del seu entorn i cooperar i col·laborar amb els propietaris, administradors, etc… del conjunt monumental del castell i de l’entorn per tal de realitzar aquelles actuacions que suposin un benefici.</p>
<p>Estem convençuts que el Castell de Gardeny és un dels punts més emblemàtics de la ciutat de Lleida. La seva historia, fermament lligada al passat de la nostra ciutat i del seu entorn, és peça clau de la nostra idiosincràsia. Els romans i els templers hi van deixar la seva empremta al Turó de Gardeny, i la seva història i la seva llegenda també es va gestar a Gardeny. Cultures com la íbera i la islàmica també hi van passar. I com a turó dominador del seu entorn i guarda de la seu Vella ha participar en esdeveniments històrics tan importants com la Guerra del Segadors, la de Successió, la del Francès i la Guerra Civil modelant el que avui coneixem com a Turó de Gardeny i, en el seu domini, el castell de Gardeny</p>
</div></div><!-- /.sc_title --><div class="vc_empty_space"   style="height: 4rem"><span class="vc_empty_space_inner"></span></div></div></div></div></div><div class="vc_row wpb_row vc_row-fluid shape_divider_top-none shape_divider_bottom-none"><div class="wpb_column vc_column_container vc_col-sm-12 sc_layouts_column_icons_position_left"><div class="vc_column-inner"><div class="wpb_wrapper"><div class="vc_empty_space"   style="height: 10rem"><span class="vc_empty_space_inner"></span></div></div></div></div></div>
</div>

QUI SOML’Associació Cultural Castell de Gardeny és el resultat de la suma d’inquietuds per part d’un grup de persones de l’àmbit de la cultura, de l’art, de la política, de l’educació i de la societat&hellip;
