{"id":1229,"date":"2019-09-25T05:55:47","date_gmt":"2019-09-25T05:55:47","guid":{"rendered":"http:\/\/castellgardenylleida.com\/?page_id=1229"},"modified":"2019-10-07T06:20:22","modified_gmt":"2019-10-07T06:20:22","slug":"la-creu-patent","status":"publish","type":"page","link":"https:\/\/castellgardenylleida.com\/ca\/la-creu-patent\/","title":{"rendered":"La creu patent"},"content":{"rendered":"<div class=\"wpb-content-wrapper\"><div data-vc-full-width=\"true\" data-vc-full-width-init=\"false\" data-vc-stretch-content=\"true\" class=\"vc_row wpb_row vc_row-fluid vc_custom_1569393297760 vc_row-no-padding shape_divider_top-none shape_divider_bottom-none\"><div class=\"wpb_column vc_column_container vc_col-sm-12 sc_layouts_column_icons_position_left\"><div class=\"vc_column-inner\"><div class=\"wpb_wrapper\">\n\t\t\t<!-- START Slider 2 REVOLUTION SLIDER 6.7.27 --><p class=\"rs-p-wp-fix\"><\/p>\n\t\t\t<rs-module-wrap id=\"rev_slider_2_1_wrapper\" data-source=\"gallery\" style=\"visibility:hidden;background:transparent;padding:0;margin:0px auto;margin-top:0;margin-bottom:0;\">\n\t\t\t\t<rs-module id=\"rev_slider_2_1\" style=\"\" data-version=\"6.7.27\">\n\t\t\t\t\t<rs-slides style=\"overflow: hidden; position: absolute;\">\n\t\t\t\t\t\t<rs-slide style=\"position: absolute;\" data-key=\"rs-4\" data-title=\"Slide\" data-in=\"y:(-100%);col:5;\">\n\t\t\t\t\t\t\t<img decoding=\"async\" src=\"\/\/castellgardenylleida.com\/wp-content\/plugins\/Slider-Revolution-v6.7.27\/sr6\/assets\/assets\/dummy.png\" alt=\"\" title=\"creu\" width=\"1920\" height=\"1280\" class=\"rev-slidebg tp-rs-img rs-lazyload\" data-lazyload=\"\/\/castellgardenylleida.com\/wp-content\/uploads\/2019\/09\/creu.jpg\" data-bg=\"p:center top;\" data-no-retina>\n<!---->\t\t\t\t\t<\/rs-slide>\n\t\t\t\t\t<\/rs-slides>\n\t\t\t\t<\/rs-module>\n\t\t\t\t<script>\n\t\t\t\t\tsetREVStartSize({c: 'rev_slider_2_1',rl:[1024,1024,778,480],el:[900],gw:[1240],gh:[900],type:'standard',justify:'',layout:'fullwidth',mh:\"0\"});if (window.RS_MODULES!==undefined && window.RS_MODULES.modules!==undefined && window.RS_MODULES.modules[\"revslider21\"]!==undefined) {window.RS_MODULES.modules[\"revslider21\"].once = false;window.revapi2 = undefined;if (window.RS_MODULES.checkMinimal!==undefined) window.RS_MODULES.checkMinimal()}\n\t\t\t\t<\/script>\n\t\t\t<\/rs-module-wrap>\n\t\t\t<!-- END REVOLUTION SLIDER -->\n<\/div><\/div><\/div><\/div><div class=\"vc_row-full-width vc_clearfix\"><\/div><div class=\"vc_row wpb_row vc_row-fluid shape_divider_top-none shape_divider_bottom-none\"><div class=\"wpb_column vc_column_container vc_col-sm-12 sc_layouts_column_icons_position_left\"><div class=\"vc_column-inner\"><div class=\"wpb_wrapper\"><div class=\"vc_empty_space\"   style=\"height: 32px\"><span class=\"vc_empty_space_inner\"><\/span><\/div><div id=\"sc_title_1985760071\"\n\t\tclass=\"sc_title color_style_default sc_title_default\"><h2 class=\"sc_item_title sc_title_title sc_align_left sc_item_title_style_default\">LA CREU PATENT VERMELLA<\/h2><div class=\"sc_item_descr sc_title_descr sc_align_left\"><p>El 27 d'abril de 1147, el papa Eugeni III , present a Fran\u00e7a quan partia la segona croada , va assistir al cap\u00edtol de l'orde celebrat a Par\u00eds. Va concedir als templers el dret a portar permanentment una creu senzilla, per\u00f2 ancorada o pat\u00e9 , que simbolitzava el martiri de Crist . El color autoritzat per a tal creu va ser el vermell, \u00abque era el s\u00edmbol de la sang vessada per Crist, aix\u00ed com tamb\u00e9 de la vida. Ja que el vot de croada s'acompanyava de la presa de la creu, portar-la permanentment simbolitzava la persist\u00e8ncia del vot de croada dels templers \u00bb.<br \/>\nLa creu estava col\u2022locada sobre l'espatlla esquerra, a sobre del cor. En el cas dels cavallers, sobre el mantell blanc, s\u00edmbol de puresa i castedat. En el cas dels sergents, sobre el mantell negre o marr\u00f3, s\u00edmbol de for\u00e7a i valor. Aix\u00ed mateix, el pen\u00f3 del Temple, que rep el nom de Beauseant o bauceant , i tamb\u00e9 inclo\u00efa aquests dos colors, el blanc i el negre.<\/p>\n<\/div><\/div><!-- \/.sc_title --><\/div><\/div><\/div><\/div><div class=\"vc_row wpb_row vc_row-fluid shape_divider_top-none shape_divider_bottom-none\"><div class=\"wpb_column vc_column_container vc_col-sm-12 sc_layouts_column_icons_position_left\"><div class=\"vc_column-inner\"><div class=\"wpb_wrapper\"><div class=\"vc_empty_space\"   style=\"height: 32px\"><span class=\"vc_empty_space_inner\"><\/span><\/div>\n\t<div  class=\"wpb_single_image wpb_content_element vc_align_center wpb_content_element\">\n\t\t\n\t\t<figure class=\"wpb_wrapper vc_figure\">\n\t\t\t<div class=\"vc_single_image-wrapper   vc_box_border_grey\"><img decoding=\"async\" width=\"300\" height=\"300\" data-src=\"https:\/\/castellgardenylleida.com\/wp-content\/uploads\/2019\/09\/cruz-pate_997c7c19-300x300.jpg\" class=\"vc_single_image-img attachment-medium lazyload\" alt=\"\" title=\"cruz-pate_997c7c19\" data-srcset=\"https:\/\/castellgardenylleida.com\/wp-content\/uploads\/2019\/09\/cruz-pate_997c7c19-300x300.jpg 300w, https:\/\/castellgardenylleida.com\/wp-content\/uploads\/2019\/09\/cruz-pate_997c7c19-150x150.jpg 150w, https:\/\/castellgardenylleida.com\/wp-content\/uploads\/2019\/09\/cruz-pate_997c7c19-370x370.jpg 370w, https:\/\/castellgardenylleida.com\/wp-content\/uploads\/2019\/09\/cruz-pate_997c7c19-90x90.jpg 90w, https:\/\/castellgardenylleida.com\/wp-content\/uploads\/2019\/09\/cruz-pate_997c7c19-180x180.jpg 180w, https:\/\/castellgardenylleida.com\/wp-content\/uploads\/2019\/09\/cruz-pate_997c7c19.jpg 600w\" data-sizes=\"(max-width: 300px) 100vw, 300px\" src=\"data:image\/gif;base64,R0lGODlhAQABAAAAACH5BAEKAAEALAAAAAABAAEAAAICTAEAOw==\" style=\"--smush-placeholder-width: 300px; --smush-placeholder-aspect-ratio: 300\/300;\" \/><\/div>\n\t\t<\/figure>\n\t<\/div>\n<\/div><\/div><\/div><\/div><div class=\"vc_row wpb_row vc_row-fluid shape_divider_top-none shape_divider_bottom-none\"><div class=\"wpb_column vc_column_container vc_col-sm-12 sc_layouts_column_icons_position_left\"><div class=\"vc_column-inner\"><div class=\"wpb_wrapper\"><div class=\"vc_empty_space\"   style=\"height: 32px\"><span class=\"vc_empty_space_inner\"><\/span><\/div><\/div><\/div><\/div><\/div>\n<\/div>","protected":false},"excerpt":{"rendered":"LA CREU PATENT VERMELLAEl 27 d'abril de 1147, el papa Eugeni III , present a Fran\u00e7a quan partia la segona croada , va assistir al cap\u00edtol de l'orde celebrat a Par\u00eds. Va concedir als templers&hellip;","protected":false},"author":1,"featured_media":0,"parent":0,"menu_order":0,"comment_status":"closed","ping_status":"closed","template":"","meta":{"footnotes":""},"class_list":["post-1229","page","type-page","status-publish","hentry"],"yoast_head":"<!-- This site is optimized with the Yoast SEO plugin v24.8.1 - https:\/\/yoast.com\/wordpress\/plugins\/seo\/ -->\n<title>La creu patent - Castell Gardeny Lleida<\/title>\n<meta name=\"robots\" content=\"index, follow, max-snippet:-1, max-image-preview:large, max-video-preview:-1\" \/>\n<link rel=\"canonical\" href=\"https:\/\/castellgardenylleida.com\/ca\/la-creu-patent\/\" \/>\n<meta property=\"og:locale\" content=\"ca_ES\" \/>\n<meta property=\"og:type\" content=\"article\" \/>\n<meta property=\"og:title\" content=\"La creu patent - Castell Gardeny Lleida\" \/>\n<meta property=\"og:url\" content=\"https:\/\/castellgardenylleida.com\/ca\/la-creu-patent\/\" \/>\n<meta property=\"og:site_name\" content=\"Castell Gardeny Lleida\" \/>\n<meta property=\"article:modified_time\" content=\"2019-10-07T06:20:22+00:00\" \/>\n<meta name=\"twitter:card\" content=\"summary_large_image\" \/>\n<meta name=\"twitter:label1\" content=\"Temps estimat de lectura\" \/>\n\t<meta name=\"twitter:data1\" content=\"2 minuts\" \/>\n<script type=\"application\/ld+json\" class=\"yoast-schema-graph\">{\"@context\":\"https:\/\/schema.org\",\"@graph\":[{\"@type\":\"WebPage\",\"@id\":\"https:\/\/castellgardenylleida.com\/ca\/la-creu-patent\/\",\"url\":\"https:\/\/castellgardenylleida.com\/ca\/la-creu-patent\/\",\"name\":\"La creu patent - Castell Gardeny Lleida\",\"isPartOf\":{\"@id\":\"https:\/\/castellgardenylleida.com\/ca\/#website\"},\"datePublished\":\"2019-09-25T05:55:47+00:00\",\"dateModified\":\"2019-10-07T06:20:22+00:00\",\"breadcrumb\":{\"@id\":\"https:\/\/castellgardenylleida.com\/ca\/la-creu-patent\/#breadcrumb\"},\"inLanguage\":\"ca\",\"potentialAction\":[{\"@type\":\"ReadAction\",\"target\":[\"https:\/\/castellgardenylleida.com\/ca\/la-creu-patent\/\"]}]},{\"@type\":\"BreadcrumbList\",\"@id\":\"https:\/\/castellgardenylleida.com\/ca\/la-creu-patent\/#breadcrumb\",\"itemListElement\":[{\"@type\":\"ListItem\",\"position\":1,\"name\":\"Portada\",\"item\":\"https:\/\/castellgardenylleida.com\/\"},{\"@type\":\"ListItem\",\"position\":2,\"name\":\"La creu patent\"}]},{\"@type\":\"WebSite\",\"@id\":\"https:\/\/castellgardenylleida.com\/ca\/#website\",\"url\":\"https:\/\/castellgardenylleida.com\/ca\/\",\"name\":\"Castell Gardeny Lleida\",\"description\":\"turo de gardeny\",\"publisher\":{\"@id\":\"https:\/\/castellgardenylleida.com\/ca\/#organization\"},\"potentialAction\":[{\"@type\":\"SearchAction\",\"target\":{\"@type\":\"EntryPoint\",\"urlTemplate\":\"https:\/\/castellgardenylleida.com\/ca\/?s={search_term_string}\"},\"query-input\":{\"@type\":\"PropertyValueSpecification\",\"valueRequired\":true,\"valueName\":\"search_term_string\"}}],\"inLanguage\":\"ca\"},{\"@type\":\"Organization\",\"@id\":\"https:\/\/castellgardenylleida.com\/ca\/#organization\",\"name\":\"Castell Gardeny Lleida\",\"url\":\"https:\/\/castellgardenylleida.com\/ca\/\",\"logo\":{\"@type\":\"ImageObject\",\"inLanguage\":\"ca\",\"@id\":\"https:\/\/castellgardenylleida.com\/ca\/#\/schema\/logo\/image\/\",\"url\":\"https:\/\/castellgardenylleida.com\/wp-content\/uploads\/2019\/09\/cropped-LOGOTIP_ACCG_blanc.png\",\"contentUrl\":\"https:\/\/castellgardenylleida.com\/wp-content\/uploads\/2019\/09\/cropped-LOGOTIP_ACCG_blanc.png\",\"width\":500,\"height\":199,\"caption\":\"Castell Gardeny Lleida\"},\"image\":{\"@id\":\"https:\/\/castellgardenylleida.com\/ca\/#\/schema\/logo\/image\/\"}}]}<\/script>\n<!-- \/ Yoast SEO plugin. -->","yoast_head_json":{"title":"La creu patent - Castell Gardeny Lleida","robots":{"index":"index","follow":"follow","max-snippet":"max-snippet:-1","max-image-preview":"max-image-preview:large","max-video-preview":"max-video-preview:-1"},"canonical":"https:\/\/castellgardenylleida.com\/ca\/la-creu-patent\/","og_locale":"ca_ES","og_type":"article","og_title":"La creu patent - Castell Gardeny Lleida","og_url":"https:\/\/castellgardenylleida.com\/ca\/la-creu-patent\/","og_site_name":"Castell Gardeny Lleida","article_modified_time":"2019-10-07T06:20:22+00:00","twitter_card":"summary_large_image","twitter_misc":{"Temps estimat de lectura":"2 minuts"},"schema":{"@context":"https:\/\/schema.org","@graph":[{"@type":"WebPage","@id":"https:\/\/castellgardenylleida.com\/ca\/la-creu-patent\/","url":"https:\/\/castellgardenylleida.com\/ca\/la-creu-patent\/","name":"La creu patent - Castell Gardeny Lleida","isPartOf":{"@id":"https:\/\/castellgardenylleida.com\/ca\/#website"},"datePublished":"2019-09-25T05:55:47+00:00","dateModified":"2019-10-07T06:20:22+00:00","breadcrumb":{"@id":"https:\/\/castellgardenylleida.com\/ca\/la-creu-patent\/#breadcrumb"},"inLanguage":"ca","potentialAction":[{"@type":"ReadAction","target":["https:\/\/castellgardenylleida.com\/ca\/la-creu-patent\/"]}]},{"@type":"BreadcrumbList","@id":"https:\/\/castellgardenylleida.com\/ca\/la-creu-patent\/#breadcrumb","itemListElement":[{"@type":"ListItem","position":1,"name":"Portada","item":"https:\/\/castellgardenylleida.com\/"},{"@type":"ListItem","position":2,"name":"La creu patent"}]},{"@type":"WebSite","@id":"https:\/\/castellgardenylleida.com\/ca\/#website","url":"https:\/\/castellgardenylleida.com\/ca\/","name":"Castell Gardeny Lleida","description":"turo de gardeny","publisher":{"@id":"https:\/\/castellgardenylleida.com\/ca\/#organization"},"potentialAction":[{"@type":"SearchAction","target":{"@type":"EntryPoint","urlTemplate":"https:\/\/castellgardenylleida.com\/ca\/?s={search_term_string}"},"query-input":{"@type":"PropertyValueSpecification","valueRequired":true,"valueName":"search_term_string"}}],"inLanguage":"ca"},{"@type":"Organization","@id":"https:\/\/castellgardenylleida.com\/ca\/#organization","name":"Castell Gardeny Lleida","url":"https:\/\/castellgardenylleida.com\/ca\/","logo":{"@type":"ImageObject","inLanguage":"ca","@id":"https:\/\/castellgardenylleida.com\/ca\/#\/schema\/logo\/image\/","url":"https:\/\/castellgardenylleida.com\/wp-content\/uploads\/2019\/09\/cropped-LOGOTIP_ACCG_blanc.png","contentUrl":"https:\/\/castellgardenylleida.com\/wp-content\/uploads\/2019\/09\/cropped-LOGOTIP_ACCG_blanc.png","width":500,"height":199,"caption":"Castell Gardeny Lleida"},"image":{"@id":"https:\/\/castellgardenylleida.com\/ca\/#\/schema\/logo\/image\/"}}]}},"_links":{"self":[{"href":"https:\/\/castellgardenylleida.com\/ca\/wp-json\/wp\/v2\/pages\/1229","targetHints":{"allow":["GET"]}}],"collection":[{"href":"https:\/\/castellgardenylleida.com\/ca\/wp-json\/wp\/v2\/pages"}],"about":[{"href":"https:\/\/castellgardenylleida.com\/ca\/wp-json\/wp\/v2\/types\/page"}],"author":[{"embeddable":true,"href":"https:\/\/castellgardenylleida.com\/ca\/wp-json\/wp\/v2\/users\/1"}],"replies":[{"embeddable":true,"href":"https:\/\/castellgardenylleida.com\/ca\/wp-json\/wp\/v2\/comments?post=1229"}],"version-history":[{"count":22,"href":"https:\/\/castellgardenylleida.com\/ca\/wp-json\/wp\/v2\/pages\/1229\/revisions"}],"predecessor-version":[{"id":1399,"href":"https:\/\/castellgardenylleida.com\/ca\/wp-json\/wp\/v2\/pages\/1229\/revisions\/1399"}],"wp:attachment":[{"href":"https:\/\/castellgardenylleida.com\/ca\/wp-json\/wp\/v2\/media?parent=1229"}],"curies":[{"name":"wp","href":"https:\/\/api.w.org\/{rel}","templated":true}]}}

<div class="wpb-content-wrapper"><div data-vc-full-width="true" data-vc-full-width-init="false" data-vc-stretch-content="true" class="vc_row wpb_row vc_row-fluid vc_custom_1569393297760 vc_row-no-padding shape_divider_top-none shape_divider_bottom-none"><div class="wpb_column vc_column_container vc_col-sm-12 sc_layouts_column_icons_position_left"><div class="vc_column-inner"><div class="wpb_wrapper">
			<!-- START Slider 2 REVOLUTION SLIDER 6.7.27 --><p class="rs-p-wp-fix"></p>
			<rs-module-wrap id="rev_slider_2_1_wrapper" data-source="gallery" style="visibility:hidden;background:transparent;padding:0;margin:0px auto;margin-top:0;margin-bottom:0;">
				<rs-module id="rev_slider_2_1" style="" data-version="6.7.27">
					<rs-slides style="overflow: hidden; position: absolute;">
						<rs-slide style="position: absolute;" data-key="rs-4" data-title="Slide" data-in="y:(-100%);col:5;">
							<img decoding="async" src="//castellgardenylleida.com/wp-content/plugins/Slider-Revolution-v6.7.27/sr6/assets/assets/dummy.png" alt="" title="creu" width="1920" height="1280" class="rev-slidebg tp-rs-img rs-lazyload" data-lazyload="//castellgardenylleida.com/wp-content/uploads/2019/09/creu.jpg" data-bg="p:center top;" data-no-retina>
<!---->					</rs-slide>
					</rs-slides>
				</rs-module>
				<script>
					setREVStartSize({c: 'rev_slider_2_1',rl:[1024,1024,778,480],el:[900],gw:[1240],gh:[900],type:'standard',justify:'',layout:'fullwidth',mh:"0"});if (window.RS_MODULES!==undefined && window.RS_MODULES.modules!==undefined && window.RS_MODULES.modules["revslider21"]!==undefined) {window.RS_MODULES.modules["revslider21"].once = false;window.revapi2 = undefined;if (window.RS_MODULES.checkMinimal!==undefined) window.RS_MODULES.checkMinimal()}
				</script>
			</rs-module-wrap>
			<!-- END REVOLUTION SLIDER -->
</div></div></div></div><div class="vc_row-full-width vc_clearfix"></div><div class="vc_row wpb_row vc_row-fluid shape_divider_top-none shape_divider_bottom-none"><div class="wpb_column vc_column_container vc_col-sm-12 sc_layouts_column_icons_position_left"><div class="vc_column-inner"><div class="wpb_wrapper"><div class="vc_empty_space"   style="height: 32px"><span class="vc_empty_space_inner"></span></div><div id="sc_title_1985760071"
		class="sc_title color_style_default sc_title_default"><h2 class="sc_item_title sc_title_title sc_align_left sc_item_title_style_default">LA CREU PATENT VERMELLA</h2><div class="sc_item_descr sc_title_descr sc_align_left"><p>El 27 d'abril de 1147, el papa Eugeni III , present a França quan partia la segona croada , va assistir al capítol de l'orde celebrat a París. Va concedir als templers el dret a portar permanentment una creu senzilla, però ancorada o paté , que simbolitzava el martiri de Crist . El color autoritzat per a tal creu va ser el vermell, «que era el símbol de la sang vessada per Crist, així com també de la vida. Ja que el vot de croada s'acompanyava de la presa de la creu, portar-la permanentment simbolitzava la persistència del vot de croada dels templers ».<br />
La creu estava col•locada sobre l'espatlla esquerra, a sobre del cor. En el cas dels cavallers, sobre el mantell blanc, símbol de puresa i castedat. En el cas dels sergents, sobre el mantell negre o marró, símbol de força i valor. Així mateix, el penó del Temple, que rep el nom de Beauseant o bauceant , i també incloïa aquests dos colors, el blanc i el negre.</p>
</div></div><!-- /.sc_title --></div></div></div></div><div class="vc_row wpb_row vc_row-fluid shape_divider_top-none shape_divider_bottom-none"><div class="wpb_column vc_column_container vc_col-sm-12 sc_layouts_column_icons_position_left"><div class="vc_column-inner"><div class="wpb_wrapper"><div class="vc_empty_space"   style="height: 32px"><span class="vc_empty_space_inner"></span></div>
	<div  class="wpb_single_image wpb_content_element vc_align_center wpb_content_element">
		
		<figure class="wpb_wrapper vc_figure">
			<div class="vc_single_image-wrapper   vc_box_border_grey"><img decoding="async" width="300" height="300" data-src="https://castellgardenylleida.com/wp-content/uploads/2019/09/cruz-pate_997c7c19-300x300.jpg" class="vc_single_image-img attachment-medium lazyload" alt="" title="cruz-pate_997c7c19" data-srcset="https://castellgardenylleida.com/wp-content/uploads/2019/09/cruz-pate_997c7c19-300x300.jpg 300w, https://castellgardenylleida.com/wp-content/uploads/2019/09/cruz-pate_997c7c19-150x150.jpg 150w, https://castellgardenylleida.com/wp-content/uploads/2019/09/cruz-pate_997c7c19-370x370.jpg 370w, https://castellgardenylleida.com/wp-content/uploads/2019/09/cruz-pate_997c7c19-90x90.jpg 90w, https://castellgardenylleida.com/wp-content/uploads/2019/09/cruz-pate_997c7c19-180x180.jpg 180w, https://castellgardenylleida.com/wp-content/uploads/2019/09/cruz-pate_997c7c19.jpg 600w" data-sizes="(max-width: 300px) 100vw, 300px" src="data:image/gif;base64,R0lGODlhAQABAAAAACH5BAEKAAEALAAAAAABAAEAAAICTAEAOw==" style="--smush-placeholder-width: 300px; --smush-placeholder-aspect-ratio: 300/300;" /></div>
		</figure>
	</div>
</div></div></div></div><div class="vc_row wpb_row vc_row-fluid shape_divider_top-none shape_divider_bottom-none"><div class="wpb_column vc_column_container vc_col-sm-12 sc_layouts_column_icons_position_left"><div class="vc_column-inner"><div class="wpb_wrapper"><div class="vc_empty_space"   style="height: 32px"><span class="vc_empty_space_inner"></span></div></div></div></div></div>
</div>

LA CREU PATENT VERMELLAEl 27 d'abril de 1147, el papa Eugeni III , present a França quan partia la segona croada , va assistir al capítol de l'orde celebrat a París. Va concedir als templers&hellip;
